{"id":12453,"date":"2024-04-02T11:03:21","date_gmt":"2024-04-02T11:03:21","guid":{"rendered":"http:\/\/digitaltech.ma\/?page_id=12453"},"modified":"2025-08-19T13:54:45","modified_gmt":"2025-08-19T13:54:45","slug":"f-a-q","status":"publish","type":"page","link":"https:\/\/digitaltech.ma\/?page_id=12453","title":{"rendered":"F.A.Q"},"content":{"rendered":"<p><em><strong>Quand puis-je recevoir mes licences ?\u200b<\/strong><\/em><\/p>\n<ul>\n<li>Les licences sont envoy\u00e9es instantan\u00e9ment apr\u00e8s avoir confirm\u00e9 votre commande.\u200b<\/li>\n<\/ul>\n<p>&nbsp;<\/p>\n<p><em><strong>Avez-vous un support d\u00e9di\u00e9 en cas de probl\u00e8mes ?\u200b<\/strong><\/em><\/p>\n<ul>\n<li>Notre support est toujours actifs 24\/7 (Joignable sur Whatsapp \u00e9galement)\u200b.\u200b<\/li>\n<li>Nos technicien peuvent vous assister \u00e0 distance \u00e0 l&#8217;aide du logiciel AnyDesk<\/li>\n<li>Support d\u00e9plac\u00e9 charge des frais suppl\u00e9mentaires (<strong>Indisponible pour le moment<\/strong>)<\/li>\n<\/ul>\n<p>&nbsp;<\/p>\n<p><em><strong>Que sont vos garanties ?\u200b<\/strong><\/em><\/p>\n<ul>\n<li>On dispose de deux garanties sur toutes nos gammes de produits :<\/li>\n<li>\u200b<strong>Garantie Pr\u00e9-utilisation : 30 Jours<\/strong>. Vous avez 30 jours comptant la date d&#8217;achat afin d&#8217;utiliser votre licence enti\u00e8rement.<\/li>\n<li>Si 30 Jours sont pass\u00e9, nous ne sommes plus responsable et ne proposeront ni un remplacement ni un remboursement.<\/li>\n<li><strong>Garantie Apr\u00e8s utilisation : A vie.\u00a0<\/strong>On vous propose une garantie gratuite sur tous nos produits, soit \u00e0 vie ou tout au long de votre abonnement.<\/li>\n<\/ul>\n<p>&nbsp;<\/p>\n<p><em><strong>Quel sont vos moyens de paiement ? \u200b<\/strong><\/em><\/p>\n<ul>\n<li>Vous pouvez payer par carte bancaire nationale (Marocaine), versement bancaire, ch\u00e8que ou CashPlus (Cashplus \u00e0 partir de 3.000 Dhs d&#8217;achats)\u200b<\/li>\n<\/ul>\n<p>&nbsp;<\/p>\n<p><em><strong>Vos produits sont-t-ils facturables ? \u200b<\/strong><\/em><\/p>\n<ul>\n<li>Tous nos articles sont facturable et le prix affich\u00e9 est en T.T.C<\/li>\n<li>Si vous voulez votre facture apr\u00e8s achat, merci de nous contacter.<\/li>\n<\/ul>\n<p>&nbsp;<\/p>\n<p><em><strong>Quand puis-je recevoir mes licences ?\u200b<\/strong><\/em><\/p>\n<ul>\n<li>Email : Contact@digitaltech.ma<\/li>\n<li>T\u00e9l\u00e9phone : +212 666 502 666<\/li>\n<li>Whatsapp : +212 666 502 666<\/li>\n<\/ul>\n<p>&nbsp;<\/p>\n","protected":false},"excerpt":{"rendered":"<p>Quand puis-je recevoir mes licences ?\u200b Les licences sont envoy\u00e9es instantan\u00e9ment apr\u00e8s avoir confirm\u00e9 votre commande.\u200b &nbsp; Avez-vous un support<\/p>\n","protected":false},"author":1,"featured_media":0,"parent":0,"menu_order":0,"comment_status":"closed","ping_status":"closed","template":"","meta":{"footnotes":""},"class_list":["post-12453","page","type-page","status-publish","hentry"],"jetpack_sharing_enabled":true,"_links":{"self":[{"href":"https:\/\/digitaltech.ma\/index.php?rest_route=\/wp\/v2\/pages\/12453","targetHints":{"allow":["GET"]}}],"collection":[{"href":"https:\/\/digitaltech.ma\/index.php?rest_route=\/wp\/v2\/pages"}],"about":[{"href":"https:\/\/digitaltech.ma\/index.php?rest_route=\/wp\/v2\/types\/page"}],"author":[{"embeddable":true,"href":"https:\/\/digitaltech.ma\/index.php?rest_route=\/wp\/v2\/users\/1"}],"replies":[{"embeddable":true,"href":"https:\/\/digitaltech.ma\/index.php?rest_route=%2Fwp%2Fv2%2Fcomments&post=12453"}],"version-history":[{"count":1,"href":"https:\/\/digitaltech.ma\/index.php?rest_route=\/wp\/v2\/pages\/12453\/revisions"}],"predecessor-version":[{"id":14095,"href":"https:\/\/digitaltech.ma\/index.php?rest_route=\/wp\/v2\/pages\/12453\/revisions\/14095"}],"wp:attachment":[{"href":"https:\/\/digitaltech.ma\/index.php?rest_route=%2Fwp%2Fv2%2Fmedia&parent=12453"}],"curies":[{"name":"wp","href":"https:\/\/api.w.org\/{rel}","templated":true}]}}